{"id":78,"date":"2017-12-12T11:24:21","date_gmt":"2017-12-12T15:24:21","guid":{"rendered":"http:\/\/ayuntamiento.guineo\/transparencia\/?page_id=78"},"modified":"2022-06-28T14:09:40","modified_gmt":"2022-06-28T18:09:40","slug":"definicion-oaim-oficina-de-acceso-a-la-informacion-municipal","status":"publish","type":"page","link":"https:\/\/ayuntamientolacienaga.gob.do\/transparencia\/definicion-oaim-oficina-de-acceso-a-la-informacion-municipal\/","title":{"rendered":"Definici\u00f3n OAIM (Oficina de Acceso a la Informaci\u00f3n Municipal)"},"content":{"rendered":"<p class=\"paragraph ng-attr-widget\">La Oficina de Acceso a la Informaci\u00f3n P\u00fablica Municipal(OAIM), es un espacio publico en el que las personas pueden solicitar las informaciones de manera legar y correcta, haciendo usos de la <em>Ley<\/em>\u00a0General de\u00a0<em>Libre Acceso a la Informaci\u00f3n P\u00fablica<\/em>, No. 200-04. de la cual citamos algunos art\u00edculos:<\/p>\n<p>Art\u00edculo 1.- Toda persona tiene derecho a solicitar y a recibir informaci\u00f3n completa, veraz, adecuada y<br \/>\noportuna, de cualquier \u00f3rgano del Estado Dominicano, y de todas las sociedades an\u00f3nimas,<br \/>\ncompa\u00f1\u00edas an\u00f3nimas o compa\u00f1\u00edas por acciones con participaci\u00f3n estatal, incluyendo:<br \/>\na) Organismos y entidades de la administraci\u00f3n p\u00fablica centralizada;<br \/>\nb) Organismos y entidades aut\u00f3nomas y\/o descentralizadas del Estado, incluyendo el Distrito<br \/>\nNacional y los organismos municipales;<br \/>\nc) Organismos y entidades aut\u00e1rquicos y\/o descentralizados del Estado;<br \/>\nd) Empresas y sociedades comerciales propiedad del Estado;<br \/>\ne) Sociedades an\u00f3nimas, compa\u00f1\u00edas an\u00f3nimas y compa\u00f1\u00edas por acciones con participaci\u00f3n estatal;<br \/>\nf) Organismos e instituciones de derecho privado que reciban recursos provenientes del Presupuesto<br \/>\nNacional para la consecuci\u00f3n de sus fines;<br \/>\ng) El Poder Legislativo, en cuanto a sus actividades administrativas;<br \/>\nh) El Poder Judicial, en cuanto a sus actividades administrativas.<br \/>\nArt\u00edculo 2.- Este derecho de informaci\u00f3n comprende el derecho de acceder a las informaciones<br \/>\ncontenidas en actas y expedientes de la administraci\u00f3n p\u00fablica, as\u00ed como a estar informada<br \/>\nperi\u00f3dicamente, cuando lo requiera, de las actividades que desarrollan entidades y personas que<br \/>\ncumplen funciones p\u00fablicas, siempre y cuando este acceso no afecte la seguridad nacional, el orden<br \/>\np\u00fablico, la salud o la moral p\u00fablicas o el derecho a la privacidad e intimidad de un tercero o el<br \/>\nderecho a la reputaci\u00f3n de los dem\u00e1s. Tambi\u00e9n comprende la libertad de buscar, solicitar, recibir y<br \/>\ndifundir informaciones pertenecientes a la administraci\u00f3n del Estado y de formular consultas a las<br \/>\nentidades y personas que cumplen funciones p\u00fablicas, teniendo derecho a obtener copia de los<br \/>\n3<br \/>\ndocumentos que recopilen informaci\u00f3n sobre el ejercicio de las actividades de su competencia, con las<br \/>\n\u00fanicas limitaciones, restricciones y condiciones establecidas en la presente ley.<br \/>\nP\u00e1rrafo: Para los efectos de esta ley se entender\u00e1 por actas y expedientes a todos aquellos<br \/>\ndocumentos conservados o grabados de manera escrita, \u00f3ptica, ac\u00fastica o de cualquier otra forma,<br \/>\nque cumplan fines u objetivos de car\u00e1cter p\u00fablico. No se considerar\u00e1n actas o expedientes aquellos<br \/>\nborradores o proyectos que no constituyen documentos definitivos y que por tanto no forman parte<br \/>\nde un procedimiento administrativo.<\/p>\n<p>PUBLICIDAD<\/p>\n<p>Art\u00edculo 3.- Todos los actos y actividades de la Administraci\u00f3n P\u00fablica, centralizada y descentralizada,<br \/>\nincluyendo los actos y actividades administrativas de los Poderes Legislativo y Judicial, as\u00ed como la<br \/>\ninformaci\u00f3n referida a su funcionamiento estar\u00e1n sometidos a publicidad, en consecuencia, ser\u00e1<br \/>\nobligatorio para el Estado Dominicano y todos sus poderes y organismos aut\u00f3nomos, aut\u00e1rquicos,<br \/>\ncentralizados y\/o descentralizados, la presentaci\u00f3n de un servicio permanente y actualizado de<br \/>\ninformaci\u00f3n referida a:<br \/>\na) Presupuestos y c\u00e1lculos de recursos y gastos aprobados, su evoluci\u00f3n y estado de ejecuci\u00f3n;<br \/>\nb) Programas y proyectos, sus presupuestos, plazos, ejecuci\u00f3n y supervisi\u00f3n;<br \/>\nc) Llamado a licitaciones, concursos, compras, gastos y resultados;<br \/>\nd) Listados de funcionarios, legisladores, magistrados, empleados, categor\u00edas, funciones y<br \/>\nremuneraciones, y la declaraci\u00f3n jurada patrimonial cuando su presentaci\u00f3n corresponda por ley;<br \/>\ne) Listado de beneficiarios de programas asistenciales, subsidios, becas, jubilaciones, pensiones y<br \/>\nretiros;<br \/>\nf) Estado de cuentas de la deuda p\u00fablica, sus vencimientos y pagos;<br \/>\ng) Leyes, decretos, resoluciones, disposiciones, marcos regulatorios y cualquier otro tipo de normativa;<br \/>\nh) \u00cdndices, estad\u00edsticas y valores oficiales;<br \/>\ni) Marcos regulatorios legales y contractuales para la prestaci\u00f3n de los servicios p\u00fablicos, condiciones,<br \/>\nnegociaciones, cuadros tarifarios, y sanciones;<br \/>\nj) Toda otra informaci\u00f3n cuya disponibilidad al p\u00fablico sea dispuesta en leyes especiales.<br \/>\nDEBERES DEL ESTADO, DE SUS PODERES E INSTITUCIONES<br \/>\nArt\u00edculo 4.- Ser\u00e1 obligatorio para el Estado Dominicano y todos sus poderes, organismos y entidades<br \/>\nindicadas en el Art\u00edculo 1 de la presente ley, brindar la informaci\u00f3n que esta ley establece con car\u00e1cter<br \/>\nobligatorio y de disponibilidad de actualizaci\u00f3n permanente y las informaciones que fueran requeridas<br \/>\nen forma especial por los interesados. Para cumplir estos objetivos sus m\u00e1ximas autoridades est\u00e1n<br \/>\nobligadas a establecer una organizaci\u00f3n interna, de tal manera que se sistematice la informaci\u00f3n de<br \/>\ninter\u00e9s p\u00fablico, tanto para brindar acceso a las personas interesadas, como para su publicaci\u00f3n a<br \/>\ntrav\u00e9s de los medios disponibles.<br \/>\nP\u00e1rrafo.- La obligaci\u00f3n de rendir informaci\u00f3n a quien la solicite, se extiende a todo organismo<br \/>\nlegalmente constituido o en formaci\u00f3n, que sea destinatario de fondos p\u00fablicos, incluyendo los<br \/>\npartidos pol\u00edticos constituidos o en formaci\u00f3n, en cuyo caso la informaci\u00f3n incluir\u00e1 la identidad de los<br \/>\ncontribuyentes, origen y destino de los fondos de operaci\u00f3n y manejo.<br \/>\nArt\u00edculo 5.- Se dispone la informatizaci\u00f3n y la incorporaci\u00f3n al sistema de comunicaci\u00f3n por internet<br \/>\no a cualquier otro sistema similar que en el futuro se establezca, de todos los organismos p\u00fablicos<br \/>\ncentralizados y descentralizados del Estado, incluyendo el Distrito Nacional y los municipios, con la<br \/>\nfinalidad de garantizar a trav\u00e9s de \u00e9ste un acceso directo del p\u00fablico a la informaci\u00f3n del Estado.<br \/>\n4<br \/>\nTodos los poderes y organismos del Estado deber\u00e1n instrumentar la publicaci\u00f3n de sus respectivas<br \/>\n\u00abP\u00e1ginas Web\u00bb a los siguientes fines:<br \/>\na) Difusi\u00f3n de informaci\u00f3n: Estructura, integrantes, normativas de funcionamiento, proyectos,<br \/>\ninformes de gesti\u00f3n, base de datos;<br \/>\nb) Centro de intercambio y atenci\u00f3n al cliente o usuario: Consultas, quejas y sugerencias;<br \/>\nc) Tr\u00e1mites o transacciones bilaterales.<br \/>\nLa informaci\u00f3n a que hace referencia el p\u00e1rrafo anterior, ser\u00e1 de libre acceso al p\u00fablico sin necesidad<br \/>\nde petici\u00f3n previa.<\/p>\n<p>TIPO DE INFORMACI\u00d3N<\/p>\n<p>Art\u00edculo 6.- La Administraci\u00f3n P\u00fablica, tanto centralizada como descentralizada, as\u00ed como cualquier<br \/>\notro \u00f3rgano o entidad que ejerza funciones p\u00fablicas o ejecute presupuesto p\u00fablico, y los dem\u00e1s entes<br \/>\ny \u00f3rganos mencionados en el Art\u00edculo 1 de esta ley, tienen la obligaci\u00f3n de proveer la informaci\u00f3n<br \/>\ncontenida en documentos escritos, fotograf\u00edas, grabaciones, soportes magn\u00e9ticos o digitales o en<br \/>\ncualquier otro formato y que haya sido creada u obtenido por ella o que se encuentre en su posesi\u00f3n<br \/>\ny bajo su control.<br \/>\nP\u00e1rrafo.- Se considerar\u00e1 como informaci\u00f3n, a los fines de la presente ley, cualquier tipo de<br \/>\ndocumentaci\u00f3n financiera relativa al presupuesto p\u00fablico o proveniente de instituciones financieras<br \/>\ndel \u00e1mbito privado que sirva de base a una decisi\u00f3n de naturaleza administrativa, as\u00ed como las<br \/>\nminutas de reuniones oficiales.<\/p>\n<p class=\"paragraph ng-attr-widget\">\n<p class=\"paragraph ng-attr-widget\">\n<p class=\"paragraph ng-attr-widget\">\n","protected":false},"excerpt":{"rendered":"La Oficina de Acceso a la Informaci\u00f3n P\u00fablica Municipal(OAIM), es un espacio publico en el que las personas pueden solicitar las informaciones de manera legar y correcta, haciendo usos de la Ley\u00a0General de\u00a0Libre Acceso a la Informaci\u00f3n P\u00fablica, No. 200-04. de la cual citamos algunos art\u00edculos: Art\u00edculo 1.- Toda persona tiene derecho a solicitar y&#8230;","protected":false},"author":3,"featured_media":0,"parent":0,"menu_order":0,"comment_status":"closed","ping_status":"closed","template":"","meta":[],"acf":[],"_links":{"self":[{"href":"https:\/\/ayuntamientolacienaga.gob.do\/transparencia\/wp-json\/wp\/v2\/pages\/78"}],"collection":[{"href":"https:\/\/ayuntamientolacienaga.gob.do\/transparencia\/wp-json\/wp\/v2\/pages"}],"about":[{"href":"https:\/\/ayuntamientolacienaga.gob.do\/transparencia\/wp-json\/wp\/v2\/types\/page"}],"author":[{"embeddable":true,"href":"https:\/\/ayuntamientolacienaga.gob.do\/transparencia\/wp-json\/wp\/v2\/users\/3"}],"replies":[{"embeddable":true,"href":"https:\/\/ayuntamientolacienaga.gob.do\/transparencia\/wp-json\/wp\/v2\/comments?post=78"}],"version-history":[{"count":4,"href":"https:\/\/ayuntamientolacienaga.gob.do\/transparencia\/wp-json\/wp\/v2\/pages\/78\/revisions"}],"predecessor-version":[{"id":1258,"href":"https:\/\/ayuntamientolacienaga.gob.do\/transparencia\/wp-json\/wp\/v2\/pages\/78\/revisions\/1258"}],"wp:attachment":[{"href":"https:\/\/ayuntamientolacienaga.gob.do\/transparencia\/wp-json\/wp\/v2\/media?parent=78"}],"curies":[{"name":"wp","href":"https:\/\/api.w.org\/{rel}","templated":true}]}}