{"id":258,"date":"2018-01-22T10:17:40","date_gmt":"2018-01-22T14:17:40","guid":{"rendered":"http:\/\/ayuntamiento.o\/transparencia\/?page_id=258"},"modified":"2022-06-28T14:24:43","modified_gmt":"2022-06-28T18:24:43","slug":"responsable-de-acceso-a-la-informacion","status":"publish","type":"page","link":"https:\/\/ayuntamientolacienaga.gob.do\/transparencia\/responsable-de-acceso-a-la-informacion\/","title":{"rendered":"Responsable de Acceso a la Informaci\u00f3n"},"content":{"rendered":"<p><img src=\"https:\/\/ayuntamientolacienaga.gob.do\/transparencia\/wp-content\/uploads\/2022\/06\/foto-Jimmy.png\" alt=\"La imagen tiene un atributo ALT vac\u00edo; su nombre de archivo es foto-Jimmy.png\" \/><\/p>\n<p class=\"paragraph ng-attr-widget\"><span class=\"ng-directive ng-binding\">Sr. Jimmy Enriquez Jim\u00e9nez Urb\u00e1ez<\/span><\/p>\n<p>En la actualidad cursa el 6to semestre de la carrera de Licenciatura en Inform\u00e1tica en la Universidad Cat\u00f3lica\u00a0 Tecnol\u00f3gica de Barahona(UCATEBA)<\/p>\n<p><i>Direcci\u00f3n<\/i><em>: Calle: Luper\u00f3n\u00a0la Ci\u00e9naga Barahona<\/em><\/p>\n<p><em><i>Nacionalidad: <\/i>Rep\u00fablica Dominicana<\/em><\/p>\n<p>cel. (829)-665-4919<\/p>\n<p>Correo electr\u00f3nico: urbaez13sjz@gmail.com<\/p>\n<p class=\"paragraph ng-attr-widget\">\u00a0<\/p>\n\n","protected":false},"excerpt":{"rendered":"Sr. Jimmy Enriquez Jim\u00e9nez Urb\u00e1ez En la actualidad cursa el 6to semestre de la carrera de Licenciatura en Inform\u00e1tica en la Universidad Cat\u00f3lica\u00a0 Tecnol\u00f3gica de Barahona(UCATEBA) Direcci\u00f3n: Calle: Luper\u00f3n\u00a0la Ci\u00e9naga Barahona Nacionalidad: Rep\u00fablica Dominicana cel. (829)-665-4919 Correo electr\u00f3nico: urbaez13sjz@gmail.com \u00a0","protected":false},"author":3,"featured_media":0,"parent":0,"menu_order":0,"comment_status":"closed","ping_status":"closed","template":"","meta":[],"acf":[],"_links":{"self":[{"href":"https:\/\/ayuntamientolacienaga.gob.do\/transparencia\/wp-json\/wp\/v2\/pages\/258"}],"collection":[{"href":"https:\/\/ayuntamientolacienaga.gob.do\/transparencia\/wp-json\/wp\/v2\/pages"}],"about":[{"href":"https:\/\/ayuntamientolacienaga.gob.do\/transparencia\/wp-json\/wp\/v2\/types\/page"}],"author":[{"embeddable":true,"href":"https:\/\/ayuntamientolacienaga.gob.do\/transparencia\/wp-json\/wp\/v2\/users\/3"}],"replies":[{"embeddable":true,"href":"https:\/\/ayuntamientolacienaga.gob.do\/transparencia\/wp-json\/wp\/v2\/comments?post=258"}],"version-history":[{"count":4,"href":"https:\/\/ayuntamientolacienaga.gob.do\/transparencia\/wp-json\/wp\/v2\/pages\/258\/revisions"}],"predecessor-version":[{"id":1263,"href":"https:\/\/ayuntamientolacienaga.gob.do\/transparencia\/wp-json\/wp\/v2\/pages\/258\/revisions\/1263"}],"wp:attachment":[{"href":"https:\/\/ayuntamientolacienaga.gob.do\/transparencia\/wp-json\/wp\/v2\/media?parent=258"}],"curies":[{"name":"wp","href":"https:\/\/api.w.org\/{rel}","templated":true}]}}